{"id":25,"date":"2015-09-21T13:34:51","date_gmt":"2015-09-21T12:34:51","guid":{"rendered":"http:\/\/www.bac-prebocage.com\/?page_id=25"},"modified":"2016-03-23T12:27:59","modified_gmt":"2016-03-23T11:27:59","slug":"nos-offres","status":"publish","type":"page","link":"https:\/\/www.bac-prebocage.com\/index.php\/nos-offres\/","title":{"rendered":"Nos offres de service"},"content":{"rendered":"<p><a href=\"http:\/\/www.bac-prebocage.com\/wp-content\/uploads\/2015\/09\/image3-e1442844696272.jpg\"><img loading=\"lazy\" decoding=\"async\" class=\"alignnone size-medium wp-image-62\" src=\"http:\/\/www.bac-prebocage.com\/wp-content\/uploads\/2015\/09\/image3-300x200.jpg\" alt=\"image3\" width=\"300\" height=\"200\" \/><\/a><\/p>\n<ul>Retrouvez nos diff\u00e9rentes offres permanentes d\u00e9di\u00e9es aux:<\/p>\n<li><a href=\"http:\/\/www.bac-prebocage.com\/nos-offres\/demandeurs-demploi\/\" target=\"_blank\">demandeurs d&#8217;emploi<\/a><\/li>\n<li><a href=\"http:\/\/www.bac-prebocage.com\/nos-offres\/particuliers\/\" target=\"_blank\">particuliers<\/a><\/li>\n<li><a href=\"http:\/\/www.bac-prebocage.com\/nos-offres\/associations\/\" target=\"_blank\">collectivit\u00e9s<\/a><\/li>\n<li><a href=\"http:\/\/www.bac-prebocage.com\/nos-offres\/associations\/\" target=\"_blank\">associations<\/a><\/li>\n<li><a href=\"http:\/\/www.bac-prebocage.com\/nos-offres\/petites-et-moyennes-entreprises\/\" target=\"_blank\">petites et moyennes entreprises<\/a><\/li>\n<\/ul>\n<p>Et nos offres pour vous aider \u00e0 \u00eatre <a href=\"http:\/\/www.bac-prebocage.com\/nos-offres\/mobilite\/\" target=\"_blank\">mobile<\/a>.<\/p>\n","protected":false},"excerpt":{"rendered":"<p>Retrouvez nos diff\u00e9rentes offres permanentes d\u00e9di\u00e9es aux: demandeurs d&#8217;emploi particuliers collectivit\u00e9s associations petites et moyennes entreprises Et nos offres pour vous aider \u00e0 \u00eatre mobile.<\/p>\n","protected":false},"author":1,"featured_media":0,"parent":0,"menu_order":0,"comment_status":"closed","ping_status":"closed","template":"","meta":{"footnotes":""},"class_list":["post-25","page","type-page","status-publish","hentry"],"_links":{"self":[{"href":"https:\/\/www.bac-prebocage.com\/index.php\/wp-json\/wp\/v2\/pages\/25","targetHints":{"allow":["GET"]}}],"collection":[{"href":"https:\/\/www.bac-prebocage.com\/index.php\/wp-json\/wp\/v2\/pages"}],"about":[{"href":"https:\/\/www.bac-prebocage.com\/index.php\/wp-json\/wp\/v2\/types\/page"}],"author":[{"embeddable":true,"href":"https:\/\/www.bac-prebocage.com\/index.php\/wp-json\/wp\/v2\/users\/1"}],"replies":[{"embeddable":true,"href":"https:\/\/www.bac-prebocage.com\/index.php\/wp-json\/wp\/v2\/comments?post=25"}],"version-history":[{"count":7,"href":"https:\/\/www.bac-prebocage.com\/index.php\/wp-json\/wp\/v2\/pages\/25\/revisions"}],"predecessor-version":[{"id":261,"href":"https:\/\/www.bac-prebocage.com\/index.php\/wp-json\/wp\/v2\/pages\/25\/revisions\/261"}],"wp:attachment":[{"href":"https:\/\/www.bac-prebocage.com\/index.php\/wp-json\/wp\/v2\/media?parent=25"}],"curies":[{"name":"wp","href":"https:\/\/api.w.org\/{rel}","templated":true}]}}